58*k + 6, -5*i = -3*k - 7. What is j(i)?
14
Let j(c) = c**2 + 12. Let k be -148*((-2)/(-1))/4. Let f = 74 + k. Calculate j(f).
12
Let w(x) = -2*x**3 + 4*x**2 - 7*x + 5. Suppose -3*o - 18 + 16 = 2*f, 0 = 3*f + 3*o. Give w(f).
-9
Let n(m) be the second derivative of -m**5/20 + m**4/2 - m**3 + 5*m**2/2 - 96*m - 4. What is n(4)?
13
Let k(i) = 3*i**3 - 27*i**2 - 74*i + 75. Let s(q) = q**3 - 9*q**2 - 26*q + 25. Let c(n) = 3*k(n) - 8*s(n). What is c(10)?
-15
Suppose 0 = 2*y - 5*q + 14, -3*y - y + 3*q - 14 = 0. Let k(s) be the second derivative of s**3/2 + 2*s. What is k(y)?
-6
Let i be 6/24*(20 + -18). Let u(j) be the second derivative of 1/12*j**4 + j**2 - i*j**3 + 0 + 6*j + 1/20*j**5. Calculate u(-3).
-7
Let v = -7 + 8. Let h(g) = 4*g - 1. Let p be h(v). Let q(m) = 2*m**3 - 21 + 21 - p*m**2. Calculate q(2).
4
Let q be 2 + 3*-1 - 0. Let b(w) be the second derivative of -w**4/12 - w**3/6 - 2*w + 6. Determine b(q).
0
Let a = 5 - 4. Let q(p) = 15*p + 34 - 2 - 32. What is q(a)?
15
Let i(b) = -b**3 + 6*b**2 - 4*b - 6. Let o be 48/20 + ((-24)/10 - -2). Suppose -3*k = -6*k + 4*p + 23, 4*k - o*p = 24. Determine i(k).
-1
Let c be (18/30)/((-1)/(-10)). Let w(x) = 7*x - 7. Calculate w(c).
35
Let u(k) = -k - 11. Let g be u(-14). Let x(o) = -5*o + 22 + o**g + 6*o**2 + 26 - o**2 - 50. Give x(-6).
-8
Let v(j) = -278*j - 281*j - 280*j + 6*j**2 - j**3 + 835*j. Let y be 6 + (1*-1)/1. Give v(y).
5
Let u(o) = o**2 + 2*o - 5. Let a = 10 + -2. Let r be (-7)/2 - 12/a. Determine u(r).
10
Let w(v) = -5*v**2 + 5*v - 6. Let g(j) = -j**2 + j - 1. Let y(z) = -6*g(z) + w(z). Let d be (648/(-405))/(2/10) - -8. Give y(d).
0
Let h(r) = r**3 - 10*r**2 + 10*r - 7. Let l be 5*(-72)/300*(-30)/4. Give h(l).
2
Let n be 22/(-66)*6*-1. Let v(m) = -m**n + 0*m**2 - 3*m**2 + 2 - 3. Let s be (-6)/(-4)*(-2)/(-3). Determine v(s).
-5
Suppose 0 = o - 0 - 5, -5*o = -3*s + 23. Suppose 16*x + s = 8*x. Let j(k) be the second derivative of k**5/20 - k**3/6 - k**2/2 - k. Calculate j(x).
-7
Let y(f) = f**3 - 6*f**2 + 7*f - 6. Suppose -4*j = -2*k + 58, -3*k + 2 + 0 = -j. Let p = -26 - j. Let d = 14 + p. Give y(d).
4
Let z(a) = -a**2 + 15*a + 10. Suppose -2*k = -u - 21, -19*u + 34 = 3*k - 20*u. Calculate z(k).
36
Let h(l) = -5*l. Let x(w) = -5*w - 1. Let k(a) = -h(a) + 2*x(a). Calculate k(-3).
13
Let c(k) = -k + 1. Let b = 799 + -776. Let u = -53 - -31. Let p = u + b. Determine c(p).
0
Let f(m) = -m - 3. Let i = 13 + 35. Suppose 2*a - i = -4*o, a + o + 0*o - 20 = 0. Suppose -5*u - 2*p = 2*p - a, -2*u - 20 = -5*p. What is f(u)?
-3
Let h(v) = v**3 + 2*v - 3. Suppose -2*u - 13 = -0*n - 5*n, -3 = u + n. Let x be (-12)/(12/u) - -8. Suppose g - x = -4*m, 2*m - 14 = 3*m - 4*g. What is h(m)?
9
Let c(d) be the second derivative of d**5/20 + d**4/4 + d**3/6 + 3*d**2/2 - 9*d. Let w(n) = -3*n**3 - 7*n**2 - n - 6. Let p(h) = 5*c(h) + 2*w(h). Give p(3).
-6
Suppose -p = -10*p + 27. Suppose -p = -56*n + 55*n. Let a(c) = -c**2 - 2*c + 2. Give a(n).
-13
Let c = 36 + -32. Let a(r) = 4 - 5*r - c*r + 7*r + r. Give a(-5).
9
Let h(x) = 4 - 3 + 0 + x. Let o = -13 - -19. Let d = o - 1. Calculate h(d).
6
Let j(y) = -3*y - 185 + 176 - y + 2*y + y. Let r = 8 + -15. Determine j(r).
-2
Let r(b) = 3 + 10 + 6 - 15 + b + 8. Determine r(-14).
-2
Let q = 11 + -2. Let g(o) = -o**2 + 9*o - 11. Give g(q).
-11
Let m(g) be the first derivative of -g**4/4 - g**2/2 + 18*g - 20. Suppose 10 = -p + 2*i, 4*p - 2*i + 5 = -5. Give m(p).
18
Let h(r) = 10*r - 1. Let u(q) = -3*q - 1. Let z(m) = -h(m) - 2*u(m). What is z(6)?
-21
Suppose -3*f - 2*f + 173 = -2*y, 2*f + 2*y = 72. Let a(d) = 37 - f + d - 5*d. Give a(2).
-6
Let h = 13 - 11. Let y be (-1 - h)*(-4 + 6). Let s(z) = -z**3 - 7*z**2 - 6*z + 7. Calculate s(y).
7
Suppose -9*a + 10 + 26 = 0. Let s(k) = -2*k**3 + 3*k**2 + 2*k - 2. Determine s(a).
-74
Let z(a) be the first derivative of a**2/2 + 9*a + 1. Let o = 934 + -941. Determine z(o).
2
Let s(b) = b**3 - 3*b. Let q(u) = 2*u**3 - u**2 - 6*u + 1. Let z(p) = -3*q(p) + 7*s(p). Let m(j) = j**3 + 8*j**2 + 12*j + 31. Let h be m(-7). What is z(h)?
-7
Let x(m) = m**3 - 6*m**2 - 6*m - 4. Let i = -38 + 45. Let u be x(i). Let y(q) = q**2. Let w(s) = -s**3 - 3*s**2 + 3*s + 2. Let c(f) = w(f) + 5*y(f). Give c(u).
2
Let g(c) = c - 2. Let o(m) = 10*m - 14*m - 28 + 34. Let z(i) = -8*g(i) - 3*o(i). What is z(-4)?
-18
Let s(z) be the first derivative of 0*z + 5/2*z**2 - 1/24*z**4 - 1/3*z**3 + 1/60*z**5 - 8. Let k(b) be the second derivative of s(b). Give k(2).
0
Let v(i) = -i**2 + 10*i - 3. Suppose -46*x = -43*x - 72. Let w = -15 + x. Give v(w).
6
Let m(k) = -14*k**2 + 41*k + 1. Let j(a) = -5*a**2 + 14*a + 1. Let p(q) = -17*j(q) + 6*m(q). Give p(-9).
-2
Let y(q) = -q**2 - 6*q - 4. Let o be y(-4). Let n be o - -1 - 52/13. Let j(r) = 9*r**3 - r + 1. What is j(n)?
9
Let b(z) = 7*z + 8. Let h(d) = 3*d + 2. Let u(l) = -b(l) + 4*h(l). Let c = -6 + 4. Let q = c - -3. Calculate u(q).
5
Let l(v) = -3*v - 24. Let i be l(-6). Let f(b) = -19*b + 7*b - 6 + 10*b. Determine f(i).
6
Let z(i) = i**2 - 11. Suppose -2*h - 29 + 11 = 0. Let o be (h + 15)*2/6. Suppose b = o*b. Calculate z(b).
-11
Let q(t) be the third derivative of -1/3*t**3 - 1/120*t**6 + 0*t + 4*t**2 + 0*t**4 + 0 - 1/15*t**5. Calculate q(-4).
-2
Let f(s) = 2*s**2 + s - 4*s - 3*s**2 - 5. Let t = -1701 - -1697. Calculate f(t).
-9
Let c(p) = 2*p - 1. Let f(j) = -3*j + 8. Let o(k) = -2*c(k) - f(k). Calculate o(0).
-6
Let k(o) = o + 58 + 0*o - 49. Let l = -27 + 20. Calculate k(l).
2
Let n(d) = -142*d - 711. Let s be n(-5). Let y(x) = 7*x**2. Determine y(s).
7
Let y(t) be the second derivative of -t**5/20 + t**4/12 + 5*t**3/6 - 2*t**2 + 60*t. What is y(3)?
-7
Let q(t) = -4*t - 2 + 2 + t**2 + 3*t. Let z(c) = -c**2 - 6*c + 3. Let p be z(-6). What is q(p)?
6
Let w(f) be the second derivative of -f**7/840 + f**6/72 - 5*f**4/24 - 13*f**3/6 + 12*f. Let n(r) be the second derivative of w(r). Calculate n(5).
-5
Let p(d) = d**2 - 21*d - 44. Let z be p(-2). Let v(k) = -3*k. Calculate v(z).
-6
Let z(n) = 20*n - 316. Let p be z(16). Let k(x) be the third derivative of 0 + 2*x**2 + 0*x - 1/8*x**p - 1/6*x**3. Calculate k(3).
-10
Let n(k) be the second derivative of k**6/360 - k**5/120 + 5*k**4/12 - 2*k**3 + 6*k. Let w(l) be the second derivative of n(l). Calculate w(0).
10
Let x = 20 - 13. Let n(i) = -i + 7. Let o be n(x). Let z(g) = 7*g**3 + 7*g**2 - 7*g - 1. Let k(b) = b**3 + b**2 - b - 1. Let s(u) = 6*k(u) - z(u). What is s(o)?
-5
Let f(z) = 5*z**3 - 11*z**2 - z - 10. Let p be 26/(-4) - (-4)/8. Let w(a) = a**3 - a**2 - a - 1. Let j(c) = p*w(c) + f(c). What is j(-6)?
2
Let x = 118 + -121. Let m(c) be the first derivative of 2*c - 1/3*c**3 + 4 + 0*c**2. Determine m(x).
-7
Let n be (-8)/(-14)*14/4. Suppose 0 + n = -y. Let q be -6 + (0/1)/y. Let f(p) = -p**3 - 5*p**2 + 6*p - 5. Determine f(q).
-5
Let i(f) be the third derivative of f**7/2520 - f**6/180 + f**5/20 + f**4/24 - 4*f**2. Let u(k) be the third derivative of i(k). Determine u(6).
8
Let l(c) = -c**2 + c + 3. Suppose -18 = 7*x - 9*x - 4*t, 0 = 3*t. Suppose 3*d + 0*g - 2*g = x, -g = 0. Give l(d).
-3
Let o(d) = -7*d**3 + d**2 - 1. Let n be o(-1). Suppose n*r + 1 = 29. Let k(a) = 0*a - 1 - 4*a + 3*a. Give k(r).
-5
Suppose 0 = -4*n + 5*o + 20, 4*o + 5 = -11. Suppose w - 4*w + 15 = n. Suppose -17 = -4*u + 2*r + 3*r, w = u - 2*r. Let h(d) = d**2 - 4*d + 4. Calculate h(u).
1
Let c(x) = 5*x + 135. Let g be c(-27). Let v(d) = d - 5. Calculate v(g).
-5
Suppose -x - 5 = 5*j, 5*x = -5*j - 21 + 16. Let z(w) = -1 - w**2 + 2*w**2 + 0*w**2 - 6 - w**3. Determine z(x).
-7
Let v(y) = -22*y + 5. Let w(g) = 28*g - 6. Let t(l) = -5*v(l) - 4*w(l). Suppose -8*f + 3*f = -25. What is t(f)?
-11
Let b be (-399)/(-77) + (-4)/22. Let t(r) = -r + 2. Give t(b).
-3
Let i(t) = t**2 - 2. Let m = 44 - 31. Suppose -2*k = -h - 0*k - m, -2*h + 5*k - 29 = 0. Let z = 7 + h. Give i(z).
-2
Let x(b) = 4*b + 24. Let m(l) = 3*l + 15. Let u(q) = -7*m(q) + 5*x(q). Calculate u(9).
6
Let p(c) = -c. Suppose -16 + 0 = -3*i + 2*y, 2*i = -y + 6. Suppose -15 = x + 2*d, 5*x - d = i*d. What is p(x)?
5
Let o = 22 - 23. Let j(z) = -6*z**2 - 3*z - 3. Let w be j(o). Let n(i) = i + 5. Calculate n(w).
-1
Suppose 0*s - 2*s + 2 = 0. Suppose -5*t - 10 = 3*q, 2 = -3*t - q - 0*q. Let d(u) = 7*u - 1 + 1 + t - 2. What is d(s)?
6
Let m(l) = -7*l + 7. 